
8
What is the remainder when 230 is divided by 114?
2
Calculate the remainder when 711 is divided by 38.
27
What is the remainder when 1667 is divided by 41?
27
What is the remainder when 1362 is divided by 36?
30
Calculate the remainder when 384 is divided by 191.
2
Calculate the remainder when 494 is divided by 128.
110
Calculate the remainder when 469 is divided by 130.
79
Calculate the remainder when 9142 is divided by 15.
7
What is the remainder when 231 is divided by 20?
11
What is the remainder when 449 is divided by 221?
7
What is the remainder when 159 is divided by 32?
31
Calculate the remainder when 665 is divided by 131.
10
What is the remainder when 869 is divided by 21?
8
Calculate the remainder when 1005 is divided by 42.
39
What is the remainder when 307 is divided by 142?
23
What is the remainder when 803 is divided by 62?
59
Calculate the remainder when 285 is divided by 162.
123
What is the remainder when 3539 is divided by 14?
11
What is the remainder when 61 is divided by 31?
30
Calculate the remainder when 50 is divided by 16.
2
Calculate the remainder when 513 is divided by 510.
3
What is the remainder when 2076 is divided by 31?
30
Calculate the remainder when 1540 is divided by 768.
4
Calculate the remainder when 90 is divided by 3.
0
Calculate the remainder when 193 is divided by 22.
17
What is the remainder when 713 is divided by 118?
5
Calculate the remainder when 9567 is divided by 13.
12
Calculate the remainder when 1432 is divided by 35.
32
Calculate the remainder when 316 is divided by 20.
16
What is the remainder when 849 is divided by 7?
2
Calculate the remainder when 1242 is divided by 113.
112
What is the remainder when 8292 is divided by 237?
234
What is the remainder when 2910 is divided by 481?
24
Calculate the remainder when 323 is divided by 170.
153
What is the remainder when 1702 is divided by 131?
130
What is the remainder when 272 is divided by 21?
20
What is the remainder when 7990 is divided by 131?
130
What is the remainder when 107 is divided by 54?
53
Calculate the remainder when 1081 is divided by 219.
205
What is the remainder when 767 is divided by 197?
176
What is the remainder when 46 is divided by 34?
12
What is the remainder when 53422 is divided by 41?
40
Calculate the remainder when 1082 is divided by 182.
172
What is the remainder when 3736 is divided by 622?
4
What is the remainder when 247 is divided by 44?
27
What is the remainder when 820 is divided by 103?
99
What is the remainder when 1446 is divided by 44?
38
What is the remainder when 122 is divided by 40?
2
Calculate the remainder when 239 is divided by 60.
59
What is the remainder when 561 is divided by 6?
3
Calculate the remainder when 2152 is divided by 430.
2
What is the remainder when 3773 is divided by 53?
10
Calculate the remainder when 490 is divided by 67.
21
What is the remainder when 93 is divided by 46?
1
What is the remainder when 1609 is divided by 70?
69
What is the remainder when 862 is divided by 12?
10
What is the remainder when 4275 is divided by 1424?
3
What is the remainder when 181 is divided by 82?
17
What is the remainder when 107 is divided by 38?
31
Calculate the remainder when 222 is divided by 14.
12
Calculate the remainder when 324 is divided by 65.
64
What is the remainder when 571 is divided by 84?
67
What is the remainder when 2185 is divided by 1089?
7
Calculate the remainder when 398 is divided by 167.
64
Calculate the remainder when 168 is divided by 121.
47
Calculate the remainder when 81838 is divided by 66.
64
Calculate the remainder when 725 is divided by 33.
32
Calculate the remainder when 160 is divided by 14.
6
Calculate the remainder when 6795 is divided by 1698.
3
What is the remainder when 4706 is divided by 15?
11
Calculate the remainder when 28 is divided by 17.
11
Calculate the remainder when 487 is divided by 98.
95
Calculate the remainder when 59 is divided by 5.
4
Calculate the remainder when 292 is divided by 42.
40
What is the remainder when 347 is divided by 14?
11
Calculate the remainder when 601 is divided by 14.
13
Calculate the remainder when 900 is divided by 11.
9
Calculate the remainder when 10 is divided by 2.
0
What is the remainder when 54 is divided by 30?
24
What is the remainder when 152 is divided by 31?
28
Calculate the remainder when 3736 is divided by 1245.
1
Calculate the remainder when 154 is divided by 39.
37
Calculate the remainder when 1475 is divided by 482.
29
Calculate the remainder when 210 is divided by 69.
3
Calculate the remainder when 197 is divided by 9.
8
Calculate the remainder when 121 is divided by 64.
57
Calculate the remainder when 331 is divided by 24.
19
Calculate the remainder when 202 is divided by 183.
19
Calculate the remainder when 19 is divided by 11.
8
Calculate the remainder when 1382 is divided by 63.
59
Calculate the remainder when 219 is divided by 16.
11
Calculate the remainder when 5792 is divided by 61.
58
Calculate the remainder when 72 is divided by 33.
6
What is the remainder when 4093 is divided by 16?
13
Calculate the remainder when 84 is divided by 32.
20
Calculate the remainder when 485 is divided by 156.
17
What is the remainder when 52 is divided by 15?
7
Calculate the remainder when 11 is divided by 4.
3
What is the remainder when 657 is divided by 12?
9
What is the remainder when 201 is divided by 100?
1
What is the remainder when 261 is divided by 67?
60
What is the remainder when 1339 is divided by 22?
19
What is the remainder when 1175 is divided by 49?
48
Calculate the remainder when 2110 is divided by 700.
10
Calculate the remainder when 1074 is divided by 350.
24
What is the remainder when 101 is divided by 30?
11
Calculate the remainder when 252 is divided by 37.
30
What is the remainder when 465 is divided by 94?
89
What is the remainder when 176 is divided by 14?
8
Calculate the remainder when 609 is divided by 153.
150
What is the remainder when 173 is divided by 59?
55
What is the remainder when 1329 is divided by 1319?
10
What is the remainder when 37 is divided by 16?
5
Calculate the remainder when 453 is divided by 52.
37
What is the remainder when 81 is divided by 37?
7
What is the remainder when 164 is divided by 18?
2
What is the remainder when 1413 is divided by 241?
208
What is the remainder when 123 is divided by 32?
27
Calculate the remainder when 49 is divided by 13.
10
What is the remainder when 960 is divided by 244?
228
What is the remainder when 140 is divided by 21?
14
Calculate the remainder when 6723 is divided by 41.
40
Calculate the remainder when 95 is divided by 22.
7
Calculate the remainder when 407 is divided by 51.
50
Calculate the remainder when 1303 is divided by 69.
61
Calculate the remainder when 1345 is divided by 198.
157
Calculate the remainder when 1264 is divided by 209.
10
Calculate the remainder when 317 is divided by 52.
5
What is the remainder when 919 is divided by 44?
39
What is the remainder when 218 is divided by 20?
18
Calculate the remainder when 83 is divided by 1.
0
What is the remainder when 172 is divided by 11?
7
Calculate the remainder when 878 is divided by 68.
62
What is the remainder when 953 is divided by 475?
3
What is the remainder when 675 is divided by 35?
10
Calculate the remainder when 374 is divided by 29.
26
Calculate the remainder when 110 is divided by 24.
14
Calculate the remainder when 6816 is divided by 8.
0
Calculate the remainder when 926 is divided by 11.
2
What is the remainder when 377 is divided by 7?
6
What is the remainder when 2138 is divided by 23?
22
What is the remainder when 4439 is divided by 120?
119
What is the remainder when 2982 is divided by 51?
24
What is the remainder when 4463 is divided by 9?
8
What is the remainder when 205 is divided by 21?
16
What is the remainder when 152 is divided by 39?
35
What is the remainder when 134 is divided by 50?
34
What is the remainder when 451 is divided by 63?
10
Calculate the remainder when 27869 is divided by 13.
10
What is the remainder when 354 is divided by 230?
124
What is the remainder when 974 is divided by 39?
38
What is the remainder when 158 is divided by 12?
2
Calculate the remainder when 17 is divided by 7.
3
What is the remainder when 895 is divided by 146